+ 1. Suppose -8*m = -11*m - 15. Is p(m) a multiple of 11?
False
Suppose -6 + 18 = 2*k. Does 22 divide (4/k + -1)*-327?
False
Let k(x) = -11*x**2 - 2*x. Let i be k(-1). Let d = i - -12. Is d a multiple of 2?
False
Suppose 3*k + 9 = 0, -3*d - k = -5*k - 180. Suppose 0*f + d = 4*f. Suppose w = 2*w - f. Is 14 a factor of w?
True
Let k(a) = -a**2 - 14*a - 22. Is 18 a factor of k(-10)?
True
Let l(g) = -g**2 + 12*g - 17. Suppose -5*v + 0*v = -4*u + 17, 0 = -u + 2*v + 2. Does 4 divide l(u)?
False
Suppose -h + 15 = -5. Is h a multiple of 3?
False
Let n(g) = -2*g - 19. Is n(-21) a multiple of 4?
False
Suppose -4*q + 2*z = -2*q - 124, 0 = -q - 2*z + 71. Let i = 16 + -40. Let c = i + q. Is c a multiple of 15?
False
Is ((-136)/(-6))/(4/30) a multiple of 34?
True
Let k(h) = 33*h**2 + 5*h**3 - 33*h**2 - 3 + 11 + 3*h. Let b be k(7). Does 8 divide 2/(-9) + b/72?
True
Suppose g + 37 - 95 = 0. Is 10 a factor of g?
False
Let h(f) = 8*f**2 + 2*f**3 + 5 + 0*f**2 - f - f**3. Let c be h(-8). Let t = 21 - c. Is t a multiple of 8?
True
Let m = -194 + 88. Let c = -34 - m. Is c a multiple of 24?
True
Let m = -12 - -6. Let a = 10 + m. Does 2 divide a?
True
Suppose -5*k + 18 = 3*j, 3*k - 4 = 4*j + 1. Let h = k + 7. Is h a multiple of 5?
True
Let m(s) = -2*s + 8. Is 13 a factor of m(-9)?
True
Let y = 17 + -25. Let r(z) = -z**2 - 4*z - 8. Let h(u) = 2*u**2 + 8*u + 15. Let t(q) = 4*h(q) + 7*r(q). Is 12 a factor of t(y)?
True
Suppose 2*p - 12 = 2*z - 0*z, 0 = 3*z + 5*p - 22. Is 15*(-1 + 0)*z a multiple of 6?
False
Let h be (-6)/4*(0 - 4). Suppose 0 = 6*a - 9*a + 12. Is 14 a factor of h/a*18 + -3?
False
Suppose 63 = 3*o + 9. Is 5 a factor of o?
False
Suppose -5*i - 12 - 48 = 0. Does 10 divide (-6)/i + 87/2?
False
Suppose -5*b - 4*n + 340 = 0, b = 3*n + 104 - 17. Is b a multiple of 9?
True
Suppose 9*q - 13*q = -1620. Does 24 divide (-3)/2 + q/6?
False
Suppose -4*k = 2 + 58. Does 24 divide (207/k)/(1/(-5))?
False
Let g = 46 + -23. Let a = g - 10. Is 9 a factor of a?
False
Let n(b) be the third derivative of 11*b**5/60 + b**4/8 + b**3/3 - b**2. Does 14 divide n(-2)?
False
Let q(x) = 2*x**2 + 11*x + 12. Let v be q(-8). Suppose -4*l + v = 5*r, 3*r + 0*r - 5*l = 46. Is r a multiple of 6?
True
Let i = 7 - 2. Suppose l = -4*l - i. Let k = 2 - l. Does 2 divide k?
False
Suppose t = -2*i + 156, 133 + 19 = 2*i + 3*t. Does 13 divide i?
False
Let g = 0 - -2. Let c be (2 + -50)*(-1)/g. Let j = c + -12. Is 6 a factor of j?
True
Let d be (-2)/(-5) + 14/(-35). Let v(s) = -2*s - 4. Let h be v(-4). Suppose 0 = -n - d + h. Is 3 a factor of n?
False
Let q(w) = 5*w**2. Let u be 25/10*16/10. Suppose u*r - 4 = 2*r. Is 10 a factor of q(r)?
True
Suppose 2*j + 1 + 5 = 0. Let o be ((18/j)/3)/(-1). Suppose o - 72 = -2*t. Is t a multiple of 13?
False
Let w be -2 + 2/((-6)/(-249)). Does 12 divide 6/(-12) + w/2?
False
Let b(m) = m**2 - m + 1. Let g be -10 + (-4 - (-2 - 2)). Does 28 divide b(g)?
False
Suppose -h - 3*h + 240 = 0. Is h a multiple of 12?
True
Let p(q) = -q**2 - 19*q + 37. Is 3 a factor of p(-20)?
False
Let t be 110/12 - 2/12. Is 3*(-1 - (-21)/t) a multiple of 2?
True
Let c(v) = -v**3 - v**2 + 34. Suppose -3 = 4*q + 3*p, -4*p = -5*q - 9*p - 5. Is 14 a factor of c(q)?
False
Let r(t) = -22*t**3 + 2*t**2 - 1. Let y be r(-1). Let i(c) = -c**2 - 15*c - 11. Let v be i(-6). Let w = v - y. Is w a multiple of 20?
True
Suppose n + 4*g - 2*g - 8 = 0, 0 = 3*n - 2*g. Suppose -t + n*z - 98 = -6*t, -3*t + 5*z + 34 = 0. Is t a multiple of 9?
True
Suppose 3*i + 5 = -43. Let g = i - -27. Suppose v - g = -4. Is v a multiple of 6?
False
Let p(c) = 7*c. Let u(s) = 4*s. Let x(n) = -3*p(n) + 5*u(n). Let d(w) = 2*w - 17. Let k(y) = -d(y) - 3*x(y). Is 14 a factor of k(0)?
False
Suppose -672 = -4*t + 3*g - 4*g, 0 = 3*t + g - 504. Is t a multiple of 28?
True
Let r = -2 - -8. Suppose 4*x - r - 10 = 0. Is 4 a factor of x?
True
Suppose -2*a + 66 = -a. Does 22 divide a?
True
Let h be 6 + (1 + -2 - 1). Suppose -h*d = -0*d - 212. Let v = -23 + d. Does 20 divide v?
False
Let c(i) = 8*i + 5 - i**2 - 13 + i. Let q be c(6). Does 13 divide (-6)/((-4)/q*1)?
False
Suppose -2*x = -t + 23 - 2, 0 = 3*x - 3*t + 36. Let o be ((-30)/x)/(3/(-9)). Is o/(-3)*60/25 a multiple of 8?
True
Let w = -3 + 35. Let z be (4/(-10))/((-1)/5). Is 1/(-1)*(z - w) a multiple of 15?
True
Let b(f) = f**3 + 9*f**2 + 7*f + 9. Let l be b(-8). Let g = l - 9. Does 2 divide g?
True
Let q = 78 - -156. Is q a multiple of 16?
False
Let o = 10 - -173. Is 7 a factor of o?
False
Let r(h) = -2*h**3 - 6*h**2 - h - 1. Let u be ((-8)/(-10))/(8/(-40)). Is r(u) a multiple of 17?
False
Suppose 4*a - 111 = 145. Suppose o - 5*o + a = 0. Does 8 divide o?
True
Let u(k) be the third derivative of k**5/30 - k**4/12 + 2*k**3/3 - k**2. Let t be u(4). Let r = -2 + t. Is 11 a factor of r?
False
Suppose -4*z + 82 = -14. Does 12 divide z?
True
Suppose -2*l + 72 = l. Is l a multiple of 12?
True
Let n(s) = -3*s**3 - 6*s**2 - 7*s - 24. Is n(-6) a multiple of 18?
True
Let y(l) = l**2 - 5*l + 6. Is 6 a factor of y(6)?
True
Suppose 19*b - 21 = 16*b. Is 2 a factor of b?
False
Let x(f) = 3*f**3 - 4*f**2 + 2*f - 1. Is 10 a factor of x(3)?
True
Let s(c) = -3*c + 9. Let l(h) = -8*h + 27. Let q(t) = 4*l(t) - 11*s(t). Let k be q(-9). Suppose 3*i + 24 = r, 3*r - r - 4*i - 54 = k. Is r a multiple of 21?
False
Let o(m) = -m**3 - m**2 + 4*m - 1. Let r be o(-3). Let x be 78/(-15) - (-1)/r. Is 2/x + (-17)/(-5) even?
False
Let h be 10*(1 - 17/5). Let d = h - -62. Suppose -5*k + k = -2*z - 58, -2*k + 4*z + d = 0. Is 13 a factor of k?
True
Let s = 163 - 62. Does 18 divide s?
False
Suppose 0 = -2*w - 2, 4*w = -t + 50 + 38. Does 23 divide t?
True
Let v(i) = 3*i**2 + 2*i - 3. Let w be v(4). Suppose -5*f + 61 = -2*b, 2*b - f = -34 - 39. Let y = w + b. Does 10 divide y?
False
Suppose -15*o + 19*o - 56 = 0. Is o a multiple of 7?
True
Suppose g = 5*g. Suppose -2*s - s + 81 = a, g = 2*s - 3*a - 54. Does 16 divide s?
False
Let v(g) = 2*g**2 + g + 1. Let m be v(-1). Suppose -6 = -z - m*y - 2, 3*z - 12 = 5*y. Is 3 a factor of z?
False
Let p(d) = 2*d**2 + 9*d - 16. Does 65 divide p(-9)?
True
Let l be 170/(-35) - (-1)/(-7). Let x(h) = -h + 4 - h**2 + 3*h**2 + 3*h**2 + h**3. Is 9 a factor of x(l)?
True
Is 5 a factor of 3 - (-7)/(-1 - 48/(-44))?
True
Let j(m) = m**3 + 5*m**2 + 5*m + 6. Let u be j(-4). Suppose 0 = 3*h + h - 8. Suppose 0 = -u*o + 3*t - h*t + 20, 52 = 4*o + 4*t. Is 4 a factor of o?
False
Suppose 29 = 2*f - v, 4*v - 47 = -2*f - 3. Does 9 divide f?
False
Let d(n) = 4*n**2 + 6*n + 9. Does 15 divide d(-3)?
False
Let j(v) = -v**3 + 10*v**2 - 7*v + 16. Does 16 divide j(5)?
False
Let k = 38 - 27. Let t = -20 + k. Is 8 a factor of 291/27 + (-2)/t?
False
Is 8 a factor of 40/6*84/70?
True
Suppose 4*y - 8 = 0, -y - 3*y - 12 = -c. Is c a multiple of 5?
True
Let x(n) = 177*n**2 + 5*n - 5. Is 19 a factor of x(1)?
False
Let i(g) = 2*g + 1. Is i(7) a multiple of 7?
False
Let g = 292 + -172. Let y = g + -86. Is 14 a factor of y?
False
Suppose -3*t + 3*b = -27, 3 + 1 = -b. Suppose t*r - r = 32. Is 8 a factor of r?
True
Suppose -2*q + 4*k + 259 = 3*q, 0 = 4*q + 4*k - 236. Is 11 a factor of q?
True
Suppose -5*b + 0*b = -10. Suppose -57 = -2*r - 3*p + 104, 0 = b*p - 6. Does 13 divide r?
False
Let f(p) be the second derivative of p**6/720 + p**5/60 + p**4/4 + p. Let q(y) be the third derivative of f(y). Does 5 divide q(3)?
True
Suppose -d + 4*i + 4 = 5, 2*i = -4*d + 14. Let v(p) be the first derivative of 4*p**3/3 - p**2/2 - 4*p - 1. Is v(d) a multiple of 12?
False
Suppose -2*p = 3*w - 13, p + 6 - 8 = -3*w. Is 11 a factor of p?
True
Let c = 28 - 8. Does 6 divide c?
False
Let x(o) = -12*o**3 - o**2 + o - 2. Suppose 5*p = 4*p - 2. Let m be x(p). Suppose 4*c + 74 = 5*j - 36, -m = -4*j + 3*c. Is j a multiple of 19?
False
Let v = 20 - 10. Let c be (v/4)/(1/2). Let b(o) = -o**3 + 6*o**2 - 2*o + 1. Does 8 divide b(c)?
True
Suppose 32*t - 27*t = 210. Is 35 a factor of t?
False
Let i be (-216)/15*150/(-9). Suppose j = -4*j + i. Is j a multiple of 13?
False
Let z = 112 - 64. Does 37 divide z?
False
Suppose -1260 = -5*t - 0*t - 2*s, -4*t - 3*s + 1001 = 0. Does 24 divide t?
False
Let s(y) = -3*y - 1. Let l be s(1). Let p = 5 + l. Is 2 a factor of -2 + p - (-8 + 3)?
True
Let i(p) = 8*p**2 - 3*p - 2. Is i(-2) a multiple of 36?
True
Let p(v) = -2*v